 6 = -2*o. What is the remainder when 14 is divided by o?
4
Suppose 2*m + 272 = -7*x + 3*x, 0 = 4*x + m + 276. Let f = 85 + x. Calculate the remainder when 36 is divided by f.
6
What is the remainder when 463 is divided by (32/24)/((-1)/(-12))?
15
Let q(k) = 8*k**2. Let j = 3 - -2. Suppose 5*h = y - 4, 2*h + 8*y + 5 = j*y. Calculate the remainder when q(h) is divided by 2.
0
What is the remainder when 140 - (-7 - 36/(-9)) is divided by 37?
32
Let f(b) = -39*b**3 - 3*b - 3. Calculate the remainder when 73 is divided by f(-1).
34
What is the remainder when 5 + 16/(-2) + 2 + 215 is divided by 12?
10
Suppose -5*g + 327 = 4*r, -14*g + 2*r = -17*g + 195. Let s(x) = -x**3 - 8*x**2 - 8*x + 4. What is the remainder when g is divided by s(-7)?
8
Suppose 146 = -13*s + 731. What is the remainder when 356 is divided by s?
41
Let s = 42 + -34. Suppose s*q - 67 = 213. What is the remainder when 100 is divided by q?
30
Suppose -224 = -29*g + 27*g. What is the remainder when g is divided by 20?
12
Let k(j) = j**3 + 12*j**2 + j + 16. Let v be k(-12). Suppose -q - v*r + 30 = 0, 1 = 3*r + 10. Calculate the remainder when q is divided by 23.
19
Let f(k) = 30*k - 2. Calculate the remainder when 192 is divided by f(2).
18
Suppose 104*x + 196 = 108*x. What is the remainder when 587 is divided by x?
48
Calculate the remainder when 268 is divided by (-6)/(-66) - 1645/(-55).
28
Let d be ((-2)/3)/((-2)/3). Suppose i - d = -0*i. Let o(n) = 9*n. Calculate the remainder when 32 is divided by o(i).
5
Let f = -20303 - -20348. Let j = 16 - 3. Calculate the remainder when f is divided by j.
6
Let n(d) = 7*d - 18. What is the remainder when (-1 + -3)*(-18)/4 is divided by n(4)?
8
Suppose -67*u + 2441 = -2383. What is the remainder when 167 is divided by u?
23
Let l = 2 - -1. Suppose 0 = l*m - 125 - 52. What is the remainder when m is divided by 10?
9
Suppose d - l - 406 = -3*d, -6 = 3*l. Let g = 37 - -14. What is the remainder when d is divided by g?
50
Let g(h) = -3*h - 7. Let d be g(6). Let r = 49 + d. What is the remainder when 91 is divided by r?
19
Let g(t) = -7*t + 81. Let y(f) = -10*f + 121. Let o(r) = -7*g(r) + 5*y(r). Calculate the remainder when 42 is divided by o(26).
6
Let p(n) = 21*n - 1. Calculate the remainder when p(3) is divided by -4 - -10 - (-42)/6 - 5.
6
Suppose 3*n = 5*a + 9, -3*a = -3*n + 4 + 5. Suppose 0 = y + 5*d - 98, 7 = -n*d - 2. What is the remainder when y is divided by 19?
18
Suppose -55 = -r - 4*r. Let t(c) = -c + 19. Let p be t(0). Suppose -14*l - 150 = -p*l. What is the remainder when l is divided by r?
8
Let a = 6 + -4. Let f(t) = -2*t**2 + 10*t + 12. Let i be f(6). Suppose 3*o = 3*z + 30, -5*z - 20 = -i*z. Calculate the remainder when o is divided by a.
0
Let q = -226 - -261. What is the remainder when 93 is divided by q?
23
Let w = 25 + -26. What is the remainder when 8 is divided by 0 + 4 + -4 + 5 - w?
2
Let l = -11 + -58. Let f = 108 + l. Suppose 14*h = 17*h - f. Calculate the remainder when 37 is divided by h.
11
Let f be (-6 + 3)*11/1. Let c = 168 + -100. Let a = f + c. Calculate the remainder when a is divided by 13.
9
Let z be ((-3)/12)/((-5)/60). Suppose -g - 2*g - z = 0, -2*j - 3*g = 33. Let n = j + 32. Calculate the remainder when n is divided by 6.
5
Let d(h) = -h**3 + 7*h**2 + 9*h + 6. Let p = -19 - -19. Suppose -8 = -t - p. What is the remainder when 39 is divided by d(t)?
11
Suppose -234*b + 228*b + 450 = 0. What is the remainder when 824 is divided by b?
74
Let g = 26 - 22. What is the remainder when (-460)/5*(-4)/g is divided by 31?
30
Let q = -2 + 4. Suppose 2*s = -1 - 101. Let d = s - -57. What is the remainder when d is divided by q?
0
Let o be (12/(-22))/(-3) - (-750)/(-11). Calculate the remainder when 22 is divided by (o/16 + 1)/(2/(-8)).
9
Let j = 55 + -50. Suppose 3*k - 288 = -5*a, -282 = -j*a + k + 2*k. What is the remainder when a is divided by 107/7 + (-2)/7?
12
Suppose 0 = -2*t + 5*k, -t - 4*t + k = -23. Suppose 5*g + t*m - 91 = 2*g, -2*m - 34 = -g. What is the remainder when g is divided by 7?
4
Let f(h) be the first derivative of 2*h**4 - h**2/2 + 1. Calculate the remainder when f(1) is divided by 3/21 - 40/(-14).
1
Suppose 2*g + g - 48 = 0. Let w = -54 - -66. What is the remainder when g/w + 142/6 is divided by 7?
4
Suppose 18*p - 12*p - 96 = 0. Let c(m) = 7*m - 6. What is the remainder when c(4) is divided by ((-24)/p)/((-1)/(-2)) - -11?
6
Let c be (5 - (-6)/(-2)) + 106. Let m be (4/6)/(3/c). Suppose -r + m = -0*r. Calculate the remainder when r is divided by 9.
6
Calculate the remainder when (24/(-20))/((-42)/(-45) + -1) is divided by 5.
3
Let y be 557/2 - 15/10. Let i = y + -426. Let f = 222 + i. What is the remainder when f is divided by 19?
16
Suppose 5*r + 346 = 3*v + 98, 5*r - 400 = -5*v. What is the remainder when v is divided by 3?
0
Suppose -2*u - i = -86, u - 19*i + 18*i - 37 = 0. Calculate the remainder when u is divided by 6.
5
Let h(b) = 2*b + 1. What is the remainder when 72 is divided by h(11)?
3
Let h(l) = 4*l + 32. Let k be h(-7). Suppose 5 + k = s. Calculate the remainder when 24 is divided by s.
6
Let k be 2/10 - (-135)/75. Suppose k*m = -h + 2*h - 22, -m + 7 = h. What is the remainder when 44 is divided by h?
8
What is the remainder when 223 is divided by 399/9 - 2*(-1)/3?
43
Let f(x) = -3*x + 5. Let s be f(-3). Let w be 7/s*(-1 - -15). Suppose 2*n = -3*g + w + 12, 3*g = -3*n + 18. Calculate the remainder when 11 is divided by g.
4
Suppose 0 = -3*l + 5*n + 43, 0 = -4*l - 5*n + 22 + 12. Calculate the remainder when 129 is divided by l.
8
Suppose 80 = 2*n - 0*n. Suppose 0 = 5*u - n + 15. Suppose 7 = 2*s - 3*r, -3*s - u*r = -r - 19. What is the remainder when s is divided by 2?
1
Suppose 3*v = 244 + 113. Suppose 2*f = -2*z + 24 + 18, -2*z + 33 = 5*f. Calculate the remainder when v is divided by z.
23
Let a(i) = 45*i - 42*i - 1 + 0 - 20. What is the remainder when 28 is divided by a(10)?
1
Suppose -40 = -4*p + 4. What is the remainder when -2*1 + (3 - (1 - 21)) is divided by p?
10
Let h = 26 + -11. Suppose 0*g - 225 = -3*g. Suppose -3*d = a - 14, d - g = -4*a + 25. Calculate the remainder when a is divided by h.
11
Let h(r) = r**3 - 9*r**2 - 51*r - 10. Let q = -113 - -217. Calculate the remainder when q is divided by h(-3).
34
Let m(p) = 3*p**2. Let i be m(-6). Suppose 7*j = 3*j + i. What is the remainder when j is divided by (-14 - 0 - 1)/(2/(-2))?
12
Calculate the remainder when 16 is divided by (-30)/(-8) + -6 + 126/24.
1
Suppose x = 3*x + 4. Let q(n) = -10*n + 1 - 5*n + 5*n + 3*n. What is the remainder when q(x) is divided by 9?
6
Suppose -f = 7*f - 168. Suppose 2*a - 5*k = 42, -5*k + f = 3*a - 92. Calculate the remainder when 89 is divided by a.
27
Suppose -12*g = -20*g - 48. Let j = 1 + 2. What is the remainder when 54 is divided by (-9)/g*28/j?
12
Suppose 7*h - 660 + 44 = 0. Suppose 4*v - 3*j = 92, -5*v + v + 4*j = -h. What is the remainder when 50 is divided by v?
24
Let p = 14 - 8. Let h = -525 + 545. What is the remainder when h is divided by p?
2
Suppose -5*v = -0*v + 80. What is the remainder when 4 + v/4 - -65 is divided by 22?
21
Let l be 154/(-49) + (-1)/(-7). Let v be -2*(l + -2 + 4). Suppose -10 = -v*w + 2. What is the remainder when 21 is divided by w?
3
Let d(k) = 17*k**2 + k - 11. What is the remainder when d(2) is divided by 13?
7
Let w(l) = -4 + 0 + 5*l - 17*l + 7*l. Calculate the remainder when w(-4) is divided by 13.
3
Calculate the remainder when 286 is divided by 4/(-32) - (-1 - (-562)/(-16)).
34
Let w be ((-3)/9)/((-2)/(-42)). Let c = 9 + w. Calculate the remainder when 0 + -2 - (c + -9) is divided by 2.
1
Let j be 11/5 + (42/15 - 2). What is the remainder when 32 is divided by -5*((-315)/25)/j?
11
Calculate the remainder when 1/(15/40)*21/2 is divided by 7.
0
Suppose -63 = -3*b - 4*c, -2*b - 2*c + 0*c = -44. What is the remainder when 168 is divided by b?
18
What is the remainder when 82 is divided by 30/(-27)*-21 + (-2)/6?
13
Let n(c) = -3*c**3 - 2*c**2 - 3*c - 3. Suppose -3*l = 4*o - 272, 0 = 2*o + 3 - 1. Calculate the remainder when l is divided by n(-2).
16
What is the remainder when 65 is divided by (8/(-16))/(3/2)*-126?
23
Calculate the remainder when 195 is divided by -1 + (-45)/20*88/(-2).
97
Suppose 13*s - 12*s - 333 = -4*u, 0 = -5*u + 5*s + 385. Calculate